{"id":644,"date":"2018-06-18T14:12:35","date_gmt":"2018-06-18T17:12:35","guid":{"rendered":"https:\/\/institutosuperiorfederal235-ers.infd.edu.ar\/sitio\/?page_id=644"},"modified":"2020-05-21T10:45:27","modified_gmt":"2020-05-21T13:45:27","slug":"catalogo","status":"publish","type":"page","link":"https:\/\/institutosuperiorfederal235-ers.infd.edu.ar\/sitio\/catalogo\/","title":{"rendered":"Carreras"},"content":{"rendered":"<div  class=\"lgc-column lgc-grid-parent lgc-grid-50 lgc-tablet-grid-50 lgc-mobile-grid-100 lgc-equal-heights \"><div  class=\"inside-grid-column\">\n<p><img decoding=\"async\" loading=\"lazy\" class=\"alignnone size-full wp-image-822\" src=\"https:\/\/institutosuperiorfederal235-ers.infd.edu.ar\/sitio\/wp-content\/uploads\/2019\/06\/prof-ing.jpg\" alt=\"\" width=\"320\" height=\"157\" \/><\/p>\n<p>Profesorado de Ingles \u00a0Resoluci\u00f3n 0760\/14<\/p>\n<p><a href=\"https:\/\/des-ers.infd.edu.ar\/sitio\/formacion-docente\/upload\/0760-14_CGE_Dise%F1o_Curricular_Profesorado_de_Ingl%E9s.pdf\" target=\"_blank\" rel=\"noopener\">Resolucion 0760\/14<\/a><\/p>\n<p><\/p><\/div><\/div>\n<div  class=\"lgc-column lgc-grid-parent lgc-grid-50 lgc-tablet-grid-50 lgc-mobile-grid-100 lgc-equal-heights \"><div  class=\"inside-grid-column\">\n<p><img decoding=\"async\" loading=\"lazy\" class=\"alignnone size-full wp-image-823\" src=\"https:\/\/institutosuperiorfederal235-ers.infd.edu.ar\/sitio\/wp-content\/uploads\/2019\/06\/prof-espe.jpg\" alt=\"\" width=\"365\" height=\"138\" \/><\/p>\n<p>Profesorado de Educaci\u00f3n Especial con orientaci\u00f3n en discapacidad intelectual\u00a0Resoluci\u00f3n 0298\/10 y\u00a0\u00a0Resoluci\u00f3n 0976\/17<\/p>\n<p><a href=\"http:\/\/cge.entrerios.gov.ar\/wp-content\/uploads\/2017\/04\/0976-17-CGE-Aprueba-Dise%c3%b1o-Curricular-Profesorado-de-Educaci%c3%b3n-Especial-en-Discapacidad-intelectual.pdf\" target=\"_blank\" rel=\"noopener\">Resolucion 0976\/17<\/a><\/p>\n<p><\/p><\/div><\/div>\n<p>&nbsp;<\/p>\n<div  class=\"lgc-column lgc-grid-parent lgc-grid-50 lgc-tablet-grid-50 lgc-mobile-grid-100 lgc-equal-heights \"><div  class=\"inside-grid-column\">\n<p>&nbsp;<\/p>\n<p><img decoding=\"async\" loading=\"lazy\" class=\"alignnone size-full wp-image-824\" src=\"https:\/\/institutosuperiorfederal235-ers.infd.edu.ar\/sitio\/wp-content\/uploads\/2019\/06\/prof-edufis.jpg\" alt=\"\" width=\"348\" height=\"145\" \/><\/p>\n<p>&nbsp;<\/p>\n<p>Profesorado de Educaci\u00f3n\u00a0f\u00edsica\u00a0Resoluci\u00f3n 0979\/17<\/p>\n<p><a href=\"http:\/\/cge.entrerios.gov.ar\/wp-content\/uploads\/2017\/04\/0979-17-CGE-Aprueba-Dise%c3%b1o-Curricular-Profesorado-de-Educaci%c3%b3n-F%c3%adsica.pdf\" target=\"_blank\" rel=\"noopener\">Resolucion 0979\/17<\/a><\/p>\n<p><\/p><\/div><\/div>\n<p>&nbsp;<\/p>\n<div  class=\"lgc-column lgc-grid-parent lgc-grid-50 lgc-tablet-grid-50 lgc-mobile-grid-100 lgc-equal-heights \"><div  class=\"inside-grid-column\">\n<p><img decoding=\"async\" loading=\"lazy\" class=\"alignnone size-full wp-image-825\" src=\"https:\/\/institutosuperiorfederal235-ers.infd.edu.ar\/sitio\/wp-content\/uploads\/2019\/06\/prof-psico.jpg\" alt=\"\" width=\"299\" height=\"168\" \/><\/p>\n<p>Profesorado de Educacion Secundaria en Psicologia Resolucion 4797\/15<\/p>\n<p><a href=\"https:\/\/des-ers.infd.edu.ar\/sitio\/formacion-docente\/upload\/4797-15_CGE_Disen_o_curricular_carrera_Prof_de_Educ_Secundaria_en_Psicologia.pdf\" target=\"_blank\" rel=\"noopener\">Resolucion 4797\/15<\/a><\/p>\n<p><\/p><\/div><\/div>\n<p>&nbsp;<\/p>\n<p><img decoding=\"async\" loading=\"lazy\" class=\"size-full wp-image-837 aligncenter\" src=\"https:\/\/institutosuperiorfederal235-ers.infd.edu.ar\/sitio\/wp-content\/uploads\/2019\/06\/prof-educmus.png\" alt=\"\" width=\"190\" height=\"265\" \/><\/p>\n<p style=\"text-align: center;\">Profesorado de M\u00fasica con Orientaci\u00f3n en Educaci\u00f3n Musical Resolucion\u00a00977\/17<\/p>\n<p style=\"text-align: center;\"><a href=\"http:\/\/cge.entrerios.gov.ar\/wp-content\/uploads\/2017\/04\/0977-17-CGE-Aprueba-Dise%c3%b1o-Curricular-Profesorado-de-M%c3%basica-con-Orientaci%c3%b3n-en-Educaci%c3%b3n-Musical.pdf\" target=\"_blank\" rel=\"noopener\">Resolucion 0977\/17<\/a><\/p>\n","protected":false},"excerpt":{"rendered":"<p>&nbsp; &nbsp; &nbsp; Profesorado de M\u00fasica con Orientaci\u00f3n en Educaci\u00f3n Musical Resolucion\u00a00977\/17 Resolucion 0977\/17<\/p>\n","protected":false},"author":1,"featured_media":0,"parent":0,"menu_order":0,"comment_status":"closed","ping_status":"closed","template":"","meta":[],"acf":[],"_links":{"self":[{"href":"https:\/\/institutosuperiorfederal235-ers.infd.edu.ar\/sitio\/wp-json\/wp\/v2\/pages\/644"}],"collection":[{"href":"https:\/\/institutosuperiorfederal235-ers.infd.edu.ar\/sitio\/wp-json\/wp\/v2\/pages"}],"about":[{"href":"https:\/\/institutosuperiorfederal235-ers.infd.edu.ar\/sitio\/wp-json\/wp\/v2\/types\/page"}],"author":[{"embeddable":true,"href":"https:\/\/institutosuperiorfederal235-ers.infd.edu.ar\/sitio\/wp-json\/wp\/v2\/users\/1"}],"replies":[{"embeddable":true,"href":"https:\/\/institutosuperiorfederal235-ers.infd.edu.ar\/sitio\/wp-json\/wp\/v2\/comments?post=644"}],"version-history":[{"count":21,"href":"https:\/\/institutosuperiorfederal235-ers.infd.edu.ar\/sitio\/wp-json\/wp\/v2\/pages\/644\/revisions"}],"predecessor-version":[{"id":942,"href":"https:\/\/institutosuperiorfederal235-ers.infd.edu.ar\/sitio\/wp-json\/wp\/v2\/pages\/644\/revisions\/942"}],"wp:attachment":[{"href":"https:\/\/institutosuperiorfederal235-ers.infd.edu.ar\/sitio\/wp-json\/wp\/v2\/media?parent=644"}],"curies":[{"name":"wp","href":"https:\/\/api.w.org\/{rel}","templated":true}]}}

<div  class="lgc-column lgc-grid-parent lgc-grid-50 lgc-tablet-grid-50 lgc-mobile-grid-100 lgc-equal-heights "><div  class="inside-grid-column">
<p><img decoding="async" loading="lazy" class="alignnone size-full wp-image-822" src="https://institutosuperiorfederal235-ers.infd.edu.ar/sitio/wp-content/uploads/2019/06/prof-ing.jpg" alt="" width="320" height="157" /></p>
<p>Profesorado de Ingles  Resolución 0760/14</p>
<p><a href="https://des-ers.infd.edu.ar/sitio/formacion-docente/upload/0760-14_CGE_Dise%F1o_Curricular_Profesorado_de_Ingl%E9s.pdf" target="_blank" rel="noopener">Resolucion 0760/14</a></p>
<p></p></div></div>
<div  class="lgc-column lgc-grid-parent lgc-grid-50 lgc-tablet-grid-50 lgc-mobile-grid-100 lgc-equal-heights "><div  class="inside-grid-column">
<p><img decoding="async" loading="lazy" class="alignnone size-full wp-image-823" src="https://institutosuperiorfederal235-ers.infd.edu.ar/sitio/wp-content/uploads/2019/06/prof-espe.jpg" alt="" width="365" height="138" /></p>
<p>Profesorado de Educación Especial con orientación en discapacidad intelectual Resolución 0298/10 y  Resolución 0976/17</p>
<p><a href="http://cge.entrerios.gov.ar/wp-content/uploads/2017/04/0976-17-CGE-Aprueba-Dise%c3%b1o-Curricular-Profesorado-de-Educaci%c3%b3n-Especial-en-Discapacidad-intelectual.pdf" target="_blank" rel="noopener">Resolucion 0976/17</a></p>
<p></p></div></div>
<p>&nbsp;</p>
<div  class="lgc-column lgc-grid-parent lgc-grid-50 lgc-tablet-grid-50 lgc-mobile-grid-100 lgc-equal-heights "><div  class="inside-grid-column">
<p>&nbsp;</p>
<p><img decoding="async" loading="lazy" class="alignnone size-full wp-image-824" src="https://institutosuperiorfederal235-ers.infd.edu.ar/sitio/wp-content/uploads/2019/06/prof-edufis.jpg" alt="" width="348" height="145" /></p>
<p>&nbsp;</p>
<p>Profesorado de Educación física Resolución 0979/17</p>
<p><a href="http://cge.entrerios.gov.ar/wp-content/uploads/2017/04/0979-17-CGE-Aprueba-Dise%c3%b1o-Curricular-Profesorado-de-Educaci%c3%b3n-F%c3%adsica.pdf" target="_blank" rel="noopener">Resolucion 0979/17</a></p>
<p></p></div></div>
<p>&nbsp;</p>
<div  class="lgc-column lgc-grid-parent lgc-grid-50 lgc-tablet-grid-50 lgc-mobile-grid-100 lgc-equal-heights "><div  class="inside-grid-column">
<p><img decoding="async" loading="lazy" class="alignnone size-full wp-image-825" src="https://institutosuperiorfederal235-ers.infd.edu.ar/sitio/wp-content/uploads/2019/06/prof-psico.jpg" alt="" width="299" height="168" /></p>
<p>Profesorado de Educacion Secundaria en Psicologia Resolucion 4797/15</p>
<p><a href="https://des-ers.infd.edu.ar/sitio/formacion-docente/upload/4797-15_CGE_Disen_o_curricular_carrera_Prof_de_Educ_Secundaria_en_Psicologia.pdf" target="_blank" rel="noopener">Resolucion 4797/15</a></p>
<p></p></div></div>
<p>&nbsp;</p>
<p><img decoding="async" loading="lazy" class="size-full wp-image-837 aligncenter" src="https://institutosuperiorfederal235-ers.infd.edu.ar/sitio/wp-content/uploads/2019/06/prof-educmus.png" alt="" width="190" height="265" /></p>
<p style="text-align: center;">Profesorado de Música con Orientación en Educación Musical Resolucion 0977/17</p>
<p style="text-align: center;"><a href="http://cge.entrerios.gov.ar/wp-content/uploads/2017/04/0977-17-CGE-Aprueba-Dise%c3%b1o-Curricular-Profesorado-de-M%c3%basica-con-Orientaci%c3%b3n-en-Educaci%c3%b3n-Musical.pdf" target="_blank" rel="noopener">Resolucion 0977/17</a></p>

<p>&nbsp; &nbsp; &nbsp; Profesorado de Música con Orientación en Educación Musical Resolucion 0977/17 Resolucion 0977/17</p>
