{"id":860,"date":"2019-08-28T10:53:03","date_gmt":"2019-08-28T13:53:03","guid":{"rendered":"https:\/\/institutosuperiorfederal235-ers.infd.edu.ar\/sitio\/?page_id=860"},"modified":"2019-08-28T10:53:03","modified_gmt":"2019-08-28T13:53:03","slug":"instituto","status":"publish","type":"page","link":"https:\/\/institutosuperiorfederal235-ers.infd.edu.ar\/sitio\/instituto\/","title":{"rendered":"Instituto"},"content":{"rendered":"<p><img decoding=\"async\" loading=\"lazy\" class=\"wp-image-780 alignleft\" src=\"https:\/\/institutosuperiorfederal235-ers.infd.edu.ar\/sitio\/wp-content\/uploads\/2018\/12\/DSCN1390-1000x750.jpg\" alt=\"\" width=\"494\" height=\"370\" srcset=\"https:\/\/institutosuperiorfederal235-ers.infd.edu.ar\/sitio\/wp-content\/uploads\/2018\/12\/DSCN1390-1000x750.jpg 1000w, https:\/\/institutosuperiorfederal235-ers.infd.edu.ar\/sitio\/wp-content\/uploads\/2018\/12\/DSCN1390-768x576.jpg 768w, https:\/\/institutosuperiorfederal235-ers.infd.edu.ar\/sitio\/wp-content\/uploads\/2018\/12\/DSCN1390-1900x1425.jpg 1900w\" sizes=\"(max-width: 494px) 100vw, 494px\" \/><\/p>\n<ul>\n<li>Esta casa de estudios que fue inaugurada un 8 de mayo de 1982 como <em>My Little School<\/em>. Fue la primera escuela privada de educaci\u00f3n no formal que impart\u00eda como ense\u00f1anza el idioma ingl\u00e9s en Federal y la regi\u00f3n. Sus tramitaciones fueron iniciadas por el Se\u00f1or Constancio Marino Singuene, y continuadas y concretadas por su hija, la profesora Ana Mar\u00eda Singuene, quien desde ese momento ha sido la directora y apoderada legal.<\/li>\n<li>Con el correr del tiempo, y a modo de dar respuesta a las necesidades y demandas educativas de la sociedad Federalense y zonas aleda\u00f1as, aquella peque\u00f1a escuela se convirti\u00f3 en la actual <em>Asociaci\u00f3n Argentina de Cultura Inglesa de Federal, <\/em>oficialmente reconocida por Resoluci\u00f3n 098\/05 del Gobierno de Entre R\u00edos. La Escuela de Idiomas se encuentra dividida en distintos cursos y grupos en los cuales alumnos de todas las edades aprenden los aspectos formales y pragm\u00e1ticos del idioma ingl\u00e9s mediante el desarrollo de las destrezas ling\u00fc\u00edsticas necesarias para su manejo en diversos contextos comunicativos.<\/li>\n<\/ul>\n<p><img decoding=\"async\" loading=\"lazy\" class=\" wp-image-841 alignright\" src=\"https:\/\/institutosuperiorfederal235-ers.infd.edu.ar\/sitio\/wp-content\/uploads\/2019\/06\/ins1.jpg\" alt=\"\" width=\"549\" height=\"367\" \/><\/p>\n<ul>\n<li>Muchos a\u00f1os despu\u00e9s, en el 2012, se inaugur\u00f3 el actual edificio y a la ya consolidada Escuela de Idiomas, se incorpor\u00f3 el Instituto de Educaci\u00f3n Superior Federal D-235 por Resoluci\u00f3n 098\/14 del Consejo General de Educaci\u00f3n de Entre R\u00edos. Actualmente, esta instituci\u00f3n, cuyo Rector es el profesor Juli\u00e1n R\u00edos, cuenta con varias cohortes de las siguientes carreras en vigencia: Profesorado de Ingl\u00e9s, Profesorado de Educaci\u00f3n Especial con Orientaci\u00f3n en Discapacidad Intelectual y Profesorado de Educaci\u00f3n F\u00edsica. Su cursado es presencial en los turnos vespertino y nocturno, y las incumbencias del t\u00edtulo otorgado en estas carreras, aunque difieren en el plan de estudios, abarcan todos los niveles de la educaci\u00f3n formal y no formal, desde el nivel inicial al nivel superior.<\/li>\n<li>Por \u00faltimo, es preciso destacar la ampliaci\u00f3n de la oferta educativa del Instituto al aprobarse la primera cohorte del Profesorado de Psicolog\u00eda, cuyo cursado comenz\u00f3 en el presente ciclo lectivo 2019 y se present\u00f3 un proyecto en tiempo y forma para comenzar\u00a0 profesorado de educacion musical el cual est\u00e1 en espera de ser aprobado para el siguiente ciclo lectivo.<\/li>\n<\/ul>\n<div  class=\"lgc-column lgc-grid-parent lgc-grid-50 lgc-tablet-grid-50 lgc-mobile-grid-100 lgc-equal-heights \"><div  class=\"inside-grid-column\">\n<p><img decoding=\"async\" loading=\"lazy\" class=\"alignnone size-full wp-image-842\" src=\"https:\/\/institutosuperiorfederal235-ers.infd.edu.ar\/sitio\/wp-content\/uploads\/2019\/06\/ins1-1.jpg\" alt=\"\" width=\"568\" height=\"379\" \/><\/p>\n<p><img decoding=\"async\" loading=\"lazy\" class=\"alignnone size-full wp-image-847\" src=\"https:\/\/institutosuperiorfederal235-ers.infd.edu.ar\/sitio\/wp-content\/uploads\/2019\/06\/ins1-3.jpg\" alt=\"\" width=\"568\" height=\"379\" \/><\/p>\n<p><\/p><\/div><\/div>\n<div  class=\"lgc-column lgc-grid-parent lgc-grid-50 lgc-tablet-grid-50 lgc-mobile-grid-100 lgc-equal-heights \"><div  class=\"inside-grid-column\">\n<p><img decoding=\"async\" loading=\"lazy\" class=\"alignnone size-full wp-image-843\" src=\"https:\/\/institutosuperiorfederal235-ers.infd.edu.ar\/sitio\/wp-content\/uploads\/2019\/06\/ins1-2.jpg\" alt=\"\" width=\"568\" height=\"852\" \/><\/p>\n<p><\/p><\/div><\/div>\n<p>&nbsp;<\/p>\n<p>&nbsp;<\/p>\n<p>&nbsp;<\/p>\n<p>&nbsp;<\/p>\n<p>&nbsp;<\/p>\n<p>&nbsp;<\/p>\n<p>.<\/p>\n","protected":false},"excerpt":{"rendered":"<p>Esta casa de estudios que fue inaugurada un 8 de mayo de 1982 como My Little School. Fue la primera escuela privada de educaci\u00f3n no formal que impart\u00eda como ense\u00f1anza el idioma ingl\u00e9s en Federal y la regi\u00f3n. Sus tramitaciones fueron iniciadas por el Se\u00f1or Constancio Marino Singuene, y continuadas y concretadas por su hija, &#8230; <a title=\"Instituto\" class=\"read-more\" href=\"https:\/\/institutosuperiorfederal235-ers.infd.edu.ar\/sitio\/instituto\/\" aria-label=\"More on Instituto\">[+]<\/a><\/p>\n","protected":false},"author":12,"featured_media":0,"parent":0,"menu_order":0,"comment_status":"closed","ping_status":"closed","template":"","meta":[],"acf":[],"_links":{"self":[{"href":"https:\/\/institutosuperiorfederal235-ers.infd.edu.ar\/sitio\/wp-json\/wp\/v2\/pages\/860"}],"collection":[{"href":"https:\/\/institutosuperiorfederal235-ers.infd.edu.ar\/sitio\/wp-json\/wp\/v2\/pages"}],"about":[{"href":"https:\/\/institutosuperiorfederal235-ers.infd.edu.ar\/sitio\/wp-json\/wp\/v2\/types\/page"}],"author":[{"embeddable":true,"href":"https:\/\/institutosuperiorfederal235-ers.infd.edu.ar\/sitio\/wp-json\/wp\/v2\/users\/12"}],"replies":[{"embeddable":true,"href":"https:\/\/institutosuperiorfederal235-ers.infd.edu.ar\/sitio\/wp-json\/wp\/v2\/comments?post=860"}],"version-history":[{"count":1,"href":"https:\/\/institutosuperiorfederal235-ers.infd.edu.ar\/sitio\/wp-json\/wp\/v2\/pages\/860\/revisions"}],"predecessor-version":[{"id":861,"href":"https:\/\/institutosuperiorfederal235-ers.infd.edu.ar\/sitio\/wp-json\/wp\/v2\/pages\/860\/revisions\/861"}],"wp:attachment":[{"href":"https:\/\/institutosuperiorfederal235-ers.infd.edu.ar\/sitio\/wp-json\/wp\/v2\/media?parent=860"}],"curies":[{"name":"wp","href":"https:\/\/api.w.org\/{rel}","templated":true}]}}

<p><img decoding="async" loading="lazy" class="wp-image-780 alignleft" src="https://institutosuperiorfederal235-ers.infd.edu.ar/sitio/wp-content/uploads/2018/12/DSCN1390-1000x750.jpg" alt="" width="494" height="370" srcset="https://institutosuperiorfederal235-ers.infd.edu.ar/sitio/wp-content/uploads/2018/12/DSCN1390-1000x750.jpg 1000w, https://institutosuperiorfederal235-ers.infd.edu.ar/sitio/wp-content/uploads/2018/12/DSCN1390-768x576.jpg 768w, https://institutosuperiorfederal235-ers.infd.edu.ar/sitio/wp-content/uploads/2018/12/DSCN1390-1900x1425.jpg 1900w" sizes="(max-width: 494px) 100vw, 494px" /></p>
<ul>
<li>Esta casa de estudios que fue inaugurada un 8 de mayo de 1982 como <em>My Little School</em>. Fue la primera escuela privada de educación no formal que impartía como enseñanza el idioma inglés en Federal y la región. Sus tramitaciones fueron iniciadas por el Señor Constancio Marino Singuene, y continuadas y concretadas por su hija, la profesora Ana María Singuene, quien desde ese momento ha sido la directora y apoderada legal.</li>
<li>Con el correr del tiempo, y a modo de dar respuesta a las necesidades y demandas educativas de la sociedad Federalense y zonas aledañas, aquella pequeña escuela se convirtió en la actual <em>Asociación Argentina de Cultura Inglesa de Federal, </em>oficialmente reconocida por Resolución 098/05 del Gobierno de Entre Ríos. La Escuela de Idiomas se encuentra dividida en distintos cursos y grupos en los cuales alumnos de todas las edades aprenden los aspectos formales y pragmáticos del idioma inglés mediante el desarrollo de las destrezas lingüísticas necesarias para su manejo en diversos contextos comunicativos.</li>
</ul>
<p><img decoding="async" loading="lazy" class=" wp-image-841 alignright" src="https://institutosuperiorfederal235-ers.infd.edu.ar/sitio/wp-content/uploads/2019/06/ins1.jpg" alt="" width="549" height="367" /></p>
<ul>
<li>Muchos años después, en el 2012, se inauguró el actual edificio y a la ya consolidada Escuela de Idiomas, se incorporó el Instituto de Educación Superior Federal D-235 por Resolución 098/14 del Consejo General de Educación de Entre Ríos. Actualmente, esta institución, cuyo Rector es el profesor Julián Ríos, cuenta con varias cohortes de las siguientes carreras en vigencia: Profesorado de Inglés, Profesorado de Educación Especial con Orientación en Discapacidad Intelectual y Profesorado de Educación Física. Su cursado es presencial en los turnos vespertino y nocturno, y las incumbencias del título otorgado en estas carreras, aunque difieren en el plan de estudios, abarcan todos los niveles de la educación formal y no formal, desde el nivel inicial al nivel superior.</li>
<li>Por último, es preciso destacar la ampliación de la oferta educativa del Instituto al aprobarse la primera cohorte del Profesorado de Psicología, cuyo cursado comenzó en el presente ciclo lectivo 2019 y se presentó un proyecto en tiempo y forma para comenzar  profesorado de educacion musical el cual está en espera de ser aprobado para el siguiente ciclo lectivo.</li>
</ul>
<div  class="lgc-column lgc-grid-parent lgc-grid-50 lgc-tablet-grid-50 lgc-mobile-grid-100 lgc-equal-heights "><div  class="inside-grid-column">
<p><img decoding="async" loading="lazy" class="alignnone size-full wp-image-842" src="https://institutosuperiorfederal235-ers.infd.edu.ar/sitio/wp-content/uploads/2019/06/ins1-1.jpg" alt="" width="568" height="379" /></p>
<p><img decoding="async" loading="lazy" class="alignnone size-full wp-image-847" src="https://institutosuperiorfederal235-ers.infd.edu.ar/sitio/wp-content/uploads/2019/06/ins1-3.jpg" alt="" width="568" height="379" /></p>
<p></p></div></div>
<div  class="lgc-column lgc-grid-parent lgc-grid-50 lgc-tablet-grid-50 lgc-mobile-grid-100 lgc-equal-heights "><div  class="inside-grid-column">
<p><img decoding="async" loading="lazy" class="alignnone size-full wp-image-843" src="https://institutosuperiorfederal235-ers.infd.edu.ar/sitio/wp-content/uploads/2019/06/ins1-2.jpg" alt="" width="568" height="852" /></p>
<p></p></div></div>
<p>&nbsp;</p>
<p>&nbsp;</p>
<p>&nbsp;</p>
<p>&nbsp;</p>
<p>&nbsp;</p>
<p>&nbsp;</p>
<p>.</p>

<p>Esta casa de estudios que fue inaugurada un 8 de mayo de 1982 como My Little School. Fue la primera escuela privada de educación no formal que impartía como enseñanza el idioma inglés en Federal y la región. Sus tramitaciones fueron iniciadas por el Señor Constancio Marino Singuene, y continuadas y concretadas por su hija, &#8230; <a title="Instituto" class="read-more" href="https://institutosuperiorfederal235-ers.infd.edu.ar/sitio/instituto/" aria-label="More on Instituto">[+]</a></p>
